c).
-5
Let p(a) = a. Let j = -14 + 10. Calculate p(j).
-4
Let r(m) = m**2 - 2*m - 5 - 3*m - m. Let b be r(7). Let j(k) = -b*k - 1 - 2 - 4. Determine j(-5).
3
Let o(i) = -i**3 - 7*i**2 + i + 8. Let q be o(-7). Let g = 1 + q. Let c(m) = m**3 - m - 2. Determine c(g).
4
Let v(q) be the second derivative of -q**6/360 + q**5/20 - q**4/24 - 2*q**3/3 + 5*q. Let x(d) be the second derivative of v(d). Calculate x(5).
4
Let m(n) = n**3 - 5*n**2 - 5*n - 7. Suppose 0 = 5*c - 4*h - 34, -c - 4*c + h + 31 = 0. What is m(c)?
-1
Suppose 5*i - 12 = 3*z, 4*z - i = 2 - 1. Let r(b) = b**3 - b + z - 1 - 4. Give r(0).
-4
Let d(a) = -2 + 7*a**2 - 3*a**2 - 3*a**2 + 4*a. Determine d(-5).
3
Suppose 5*i - 24 = 2*i. Let d = i - 5. Let k(r) = -r**2 - 2. What is k(d)?
-11
Let w(l) be the first derivative of -3*l**4/2 - l**2/2 - l + 16. Calculate w(-1).
6
Let w(g) = -g**3 - 4*g**2 - g. Let u = 7 - 7. Suppose -2*b - 34 = -5*b - 4*m, 4*m + 16 = 2*b. Suppose 5*p = -b - u. Give w(p).
-6
Let d = 22 + -31. Let g(o) = o + 13. Determine g(d).
4
Let b = 3 - 5. Let l be 1/(-2) - (-9)/b. Let g(r) = 4*r**2 + 8*r + 6. Let c(u) = -3*u**2 - 7*u - 5. Let n(z) = 3*c(z) + 2*g(z). Determine n(l).
-3
Let c(r) = -2*r**2 + 21*r - 4. Let t be c(10). Let p(h) = h**3 - 6*h**2. Determine p(t).
0
Let m(u) = u**2 - 6*u + 5. Let g(b) = -5 + 5*b + 1 + 0*b + 0 - b**2. Let l(t) = 6*g(t) + 5*m(t). What is l(2)?
-3
Suppose 3*x - 9 - 3 = -3*j, -x = -j. Let p(g) = 2*g**3 - g**2 - 3*g + 1. Calculate p(x).
7
Let m(d) = 7*d**3 - 7*d**2 + 17*d. Let p(k) = -4*k**3 + 3*k**2 - 9*k. Let r(b) = 3*m(b) + 5*p(b). Let o be (-1)/(0 - 8/40). What is r(o)?
5
Let p(h) = -h**3 + 5*h**2 + 6*h + 4. Suppose -6*f + 3*k + 13 = -11*f, 0 = 2*f - k + 14. Let o(r) = r**3 + 6*r**2 + 3*r - 4. Let i be o(f). Give p(i).
4
Let r(n) = 1 - 1 + 37*n**2 + n**3 - n + 3 - 39*n**2. Determine r(3).
9
Let g(b) = 3*b**2 + 0*b + 0*b**2 - 4*b + 2. Suppose -h - 4 = 3*x, h - 7 + 1 = 2*x. Give g(h).
6
Let v(n) = -13*n**2 - 31*n + 11. Let w(g) = -7*g**2 - 16*g + 6. Let a(r) = 6*v(r) - 11*w(r). Determine a(-9).
9
Let r(j) = j**2 + j + 6. Suppose -l + 34 = 5*g, 0 = -g - 2*l + 1 + 4. Let f = 34 + -27. Let u = f - g. Determine r(u).
6
Suppose 2*r = n - 1 + 10, -5*n - 21 = 2*r. Let w(m) = 2*m. Let f(u) = u - 2. Let k(y) = 3. Let h(j) = -3*f(j) - 2*k(j). Let i(q) = -3*h(q) - 4*w(q). Give i(r).
2
Let h(o) = -o**2 - 1. Let p(s) = -s**2 - 2*s + 1. Let x(b) = -2*h(b) + p(b). Determine x(3).
6
Let g(b) be the third derivative of -b**4/6 - b**3/6 + b**2 + 22. Give g(-2).
7
Let z(l) be the first derivative of -1 + 5*l - 1/3*l**3 - 2*l**2. Give z(-4).
5
Let b(v) = -v**3 - 5*v**2 + 6*v - 8. Let q(w) = -3*w + 3. Let g(k) = -2*k + 2. Let j(c) = -10*g(c) + 6*q(c). Let f = 4 + -6. Let t be j(f). Determine b(t).
-8
Let d(x) = 2 + x**3 - 2*x**3 + 2*x**2 - 5*x - 7*x**2. Let v be ((-14)/(-21))/(2/(-6)). Let y be v + (-5)/((-15)/(-6)). What is d(y)?
6
Let x(m) = -m**3 - 5*m**2 + 4*m**3 + 4*m**2. Let g(f) be the third derivative of f**4/24 - 4*f**3/3 - 5*f**2. Let s be g(7). Determine x(s).
-4
Let t(g) be the first derivative of 2*g**3/3 + g**2/2 - g - 13. Calculate t(2).
9
Let m(f) = -6*f + 5 + 1 + 3*f**2 + 0*f**2 - 5*f**2. What is m(-5)?
-14
Suppose r + 8 = 5*d - 19, -5*d - 2*r = -21. Suppose -d*o + 8 = -7. Let u(w) = w + 3. What is u(o)?
6
Let b(a) = 3*a**2 - 5*a - 2*a**2 + 0*a**2 + 3. Suppose -8 - 7 = -5*i. Suppose 0 = -2*q - i*g + g + 4, 3*q - 16 = 2*g. Give b(q).
-1
Let b(l) be the third derivative of l**5/30 + l**4/8 + l**2. Give b(-2).
2
Let y = 0 - 1. Let r = 1 - y. Let m(x) = 3*x**2 + 0*x**2 - 2*x**r + 6 - 7*x. Give m(4).
-6
Let y = -33 + 32. Let f(j) = 8*j**3 + j + 1. Calculate f(y).
-8
Let t(c) = -2*c**2. Let y(b) = b**3 - 18*b**2 + 5*b + 1. Let w(x) = 6*t(x) - y(x). Give w(5).
-1
Let k(j) = j**3 - 2*j**2 - 5*j + 3. Let q be k(4). Suppose -t = 2*t + q. Let p(l) = 6*l + 9. Let u(r) = -3*r - 4. Let v(m) = -3*p(m) - 5*u(m). Give v(t).
8
Let s(i) = -3*i + 3. Let x = -1 + 1. Suppose d + 6 - 1 = x. Let n be (-1 + -1 - d) + 0. Calculate s(n).
-6
Let v(g) = -g**3 + 7*g**2 - 5. Let l be v(7). Let j(u) = u**2 + 3*u - 1. Give j(l).
9
Let p(f) = f**3 + f**2 - 2*f + 4. Let m = -18 - -24. Let k be -1 - -1 - (-6 + 3). Let u = k - m. Give p(u).
-8
Let z(d) be the second derivative of -d**5/20 + 11*d**4/12 + 2*d**3 + 11*d**2/2 - 32*d. What is z(12)?
11
Let j(a) be the second derivative of a**3/6 + 5*a**2 - 10*a. What is j(-7)?
3
Let n(a) = a**2 - a. Let z(u) be the third derivative of -u**6/120 - 7*u**5/60 - u**4/8 - u**3/3 - 3*u**2. Let i(r) = 2*n(r) + z(r). What is i(-3)?
-5
Let h(j) = -j**2 - 9. Let v(l) = 1. Let t(x) = h(x) - 2*v(x). Calculate t(0).
-11
Let z be 2/(0 + -4)*40/5. Let x(r) be the third derivative of 0 - 2*r**2 - 1/60*r**5 - 1/6*r**4 + 0*r + 1/3*r**3. Give x(z).
2
Suppose -11 = -5*f - 1. Let h(r) be the first derivative of r**5/20 - r**4/4 + r**3/3 + r**2 + r + 1. Let a(y) be the first derivative of h(y). Calculate a(f).
2
Let n(h) be the first derivative of -h**3/3 - 7*h**2/2 + 5*h - 4. Calculate n(-7).
5
Let f be 0*((-5)/(-2))/5. Let j = f + 2. Let v(o) = -5 + 0*o - 3*o + 4 + j*o. Determine v(0).
-1
Let g = -4559/168 + 192/7. Let q(s) be the third derivative of 0*s + 0 - g*s**4 + 1/60*s**5 + 5/6*s**3 + 2*s**2. Calculate q(4).
-7
Suppose -9 = -3*w, q - 2*q - 3*w + 13 = 0. Let s(g) = -2*g - 2*g**2 + g + 4*g - q*g. Give s(-2).
-6
Let o(r) = -8*r + 1. Let z = 21 - 20. Give o(z).
-7
Let a(v) be the third derivative of v**5/60 + v**4/8 - 2*v**3/3 - 15*v**2. Give a(-5).
6
Suppose 0 = -0*m + 2*m. Let n(g) = 1 - 15*g**2 + g**3 + g - 5 + 16*g**2. Determine n(m).
-4
Let r(n) = -4*n + 2 - n**2 + 14*n**3 - 7 + 6 + 5*n. What is r(-1)?
-15
Let o(m) = 4*m**3 - m**2 + m. Let t be o(1). Let j(n) = -2*n + 2*n + 2*n - 3. Calculate j(t).
5
Let v(k) = 7 - 5 + 2 + 3 - k. Calculate v(6).
1
Let j(t) = 1 - t - 70*t**2 + 67*t**2 - t. Give j(2).
-15
Let h(q) = -q - 2. Let x be h(-5). Let g = -5 + 9. Let k(r) = -5*r**2 - x*r - 4*r + 1 + 2*r + 3*r**3 - g*r**3. Calculate k(-4).
5
Suppose -h = h - 4. Suppose -v - 4 = -h. Let s(b) = b. Let m(f) = 9*f + 1. Let o(j) = -m(j) + 6*s(j). Determine o(v).
5
Suppose -3*x + 2*h = 4*h + 13, 2*x + 8 = -h. Let r(i) = i**2 - 2. Let v(w) = -w**2 + w + 1. Let c(n) = x*r(n) - 4*v(n). What is c(3)?
-1
Let j(w) = -w**2 - 11*w - 11. Let x be j(-10). Let f(d) = -d - 1. Let c be f(x). Let l(z) = -z. Give l(c).
0
Let j(n) be the second derivative of 2/3*n**4 + 1/6*n**3 + 0 + n + 5/2*n**2 + 1/20*n**5. Let v be j(-8). Let b(z) = -z**3 - 3*z**2 + 2*z + 4. Determine b(v).
-2
Let j(r) be the first derivative of r**4/24 + r**2/2 - 1. Let z(v) be the second derivative of j(v). Suppose -3*l = -l. Calculate z(l).
0
Suppose 21 + 9 = 5*q. Let l(s) = s - 4. What is l(q)?
2
Let v(g) = -2 - 67*g + g**2 + 67*g + 5. Give v(0).
3
Let v(c) be the second derivative of c**5/20 - c**3/6 + c**2/2 + 3*c. Let q(r) = -3*r**3 + 3*r**2 + 4*r - 8. Let p(g) = q(g) + 4*v(g). What is p(-3)?
-4
Let r = -31 - -25. Let j(x) = -x - 2. Determine j(r).
4
Let a(z) = z**3 + 3*z**2 - 4*z - 3. Let l be a(-4). Let c be (-2)/(((-3)/l)/1). Let s(j) be the first derivative of j**4/2 + 2*j**3/3 + 2*j - 4. Give s(c).
-6
Suppose 5 = -2*w + 9. Let q(n) = n + 3 + 3*n - w*n - 2. Let d be (-3)/5 + 6/(-15). Determine q(d).
-1
Let k(p) = p**3 - 2*p**2 - 3*p - 4. Let h(t) = t**3 - t**2 - 2*t - 5. Let d(w) = 2*h(w) - 3*k(w). Calculate d(5).
2
Let d(g) be the second derivative of g**4/12 + 5*g**3/6 - 2*g**2 + 2*g - 21. Determine d(-5).
-4
Suppose -4*o = -4*n, -2*n = -3*n + 2*o + 4. Let m(q) = -3*q + 2*q + 3 + 4*q. Give m(n).
-9
Let d(b) = b**2 + 5*b. Let s(y) = -y**3 - 3*y**2 - 3. Let a be s(-3). Let x be 2/a + 52/(-12). Determine d(x).
0
Let w(l) = -l**2 - 2*l + 1. Let m be w(0). Let k(s) = -4*s**3 - 2*s**2 + 1. Calculate k(m).
-5
Let r(i) = -2 + 2*i - 5 - 3. Let h be r(7). Let b(l) = 0*l + 0*l - l + h - 1. What is b(0)?
3
Let o be (-2)/11 + (-36)/44. Let p = 5 + o. Let b(x) = -x + 2. Calculate b(p).
-2
Let n be (-16)/(-6) + 2/(-3). Let v(f) = -3. Let z(l) = l**2 + l + 9. Let j(c) = -7*v(c) - 2*z(c). Determine j(n).
-9
Let u(t) = -13*t**2 - 6 - 13*t - 5 + 4*t**2. Let i(j) = -5*j**2 - 6*j - 5. Let l(n) = -13*i(n) + 6*u(n). Let s be (-2)/(((-4)/2)/1). Calculate l(s).
10
Let q = 107 - 105. Let u(t) = t**2. Determine u(q).
4
